rime number?
True
Is 25663 a prime number?
False
Is 1171301 composite?
False
Is 58709 a prime number?
False
Is 773951 a composite number?
False
Is 556123 a composite number?
False
Is 1069319 a composite number?
True
Is 5779 a prime number?
True
Is 85069 composite?
True
Is 182467 prime?
True
Is 9961 composite?
True
Is 4049 a prime number?
True
Is 10555 a prime number?
False
Is 76753 composite?
False
Is 461203 a composite number?
True
Is 1491454 a prime number?
False
Is 35589 composite?
True
Is 305 a prime number?
False
Is 127802 composite?
True
Is 222047 prime?
False
Is 1706593 prime?
False
Is 5161 a prime number?
False
Is 4703 a composite number?
False
Is 20057 a prime number?
False
Is 4783 a prime number?
True
Is 1923 a composite number?
True
Is 116009 a prime number?
True
Is 208703 a prime number?
False
Is 4721 composite?
False
Is 41353 a composite number?
True
Is 87331 prime?
False
Is 9601 a prime number?
True
Is 391 composite?
True
Is 6179 a composite number?
True
Is 44351 a composite number?
False
Is 72533 composite?
False
Is 13523 a composite number?
False
Is 487933 composite?
False
Is 20353 composite?
False
Is 286774 composite?
True
Is 3421003 prime?
True
Is 3583949 a prime number?
True
Is 45191 a prime number?
True
Is 2643 a prime number?
False
Is 1219147 composite?
False
Is 147473 a composite number?
True
Is 59779 composite?
False
Is 79 prime?
True
Is 23789 a composite number?
False
Is 1196431 composite?
False
Is 21453 a composite number?
True
Is 17123 a composite number?
False
Is 7289 a composite number?
True
Is 151237 a composite number?
False
Is 9745 a prime number?
False
Is 12379 composite?
False
Is 276493 prime?
False
Is 26491 prime?
False
Is 24317 a composite number?
False
Is 163223 prime?
True
Is 1405 a composite number?
True
Is 1637927 a composite number?
False
Is 42923 prime?
True
Is 13883 a prime number?
True
Is 14281 composite?
False
Is 313921 a prime number?
True
Is 10057 prime?
False
Is 1912591 prime?
False
Is 541666 prime?
False
Is 7 a composite number?
False
Is 5414 composite?
True
Is 3989 prime?
True
Is 27101 a composite number?
True
Is 311117 a prime number?
False
Is 6341 prime?
False
Is 343127 a composite number?
False
Is 19301 a prime number?
True
Is 40735 prime?
False
Is 3073 prime?
False
Is 148019 composite?
True
Is 316891 prime?
True
Is 12001 a prime number?
False
Is 18021 prime?
False
Is 12643 prime?
False
Is 18593 a prime number?
True
Is 1171 a prime number?
True
Is 247067 prime?
True
Is 677891 prime?
True
Is 11411 prime?
True
Is 97283 prime?
True
Is 209497 composite?
False
Is 2627 composite?
True
Is 72857 a composite number?
True
Is 7802627 a composite number?
True
Is 279443 composite?
False
Is 25819 a prime number?
True
Is 24359 prime?
True
Is 11903 composite?
False
Is 122201 a prime number?
True
Is 22267 composite?
True
Is 9337 a composite number?
False
Is 494051 composite?
False
Is 111421 a composite number?
True
Is 68611 a prime number?
True
Is 88189 prime?
False
Is 1314917 prime?
True
Is 165289 a prime number?
False
Is 349039 prime?
True
Is 89153 a composite number?
False
Is 232343 composite?
True
Is 134597 composite?
False
Is 477707 a composite number?
True
Is 6533 a composite number?
True
Is 3235553 a composite number?
False
Is 10097 a composite number?
True
Is 5611 a prime number?
False
Is 1847 composite?
False
Is 23263 prime?
False
Is 5941 a composite number?
True
Is 35437 composite?
False
Is 23861 a prime number?
False
Is 30869 composite?
False
Is 284827 prime?
False
Is 12781 prime?
True
Is 1709 a prime number?
True
Is 10427 composite?
False
Is 1745621 composite?
False
Is 1685 a composite number?
True
Is 59351 composite?
False
Is 5981 a composite number?
False
Is 84221 a prime number?
True
Is 1107989 prime?
True
Is 62695 a composite number?
True
Is 111119 composite?
False
Is 62897 a composite number?
False
Is 19889 a composite number?
False
Is 4119 prime?
False
Is 49645 composite?
True
Is 29177 a prime number?
False
Is 75133 a prime number?
True
Is 623383 prime?
True
Is 389 composite?
False
Is 26479 composite?
False
Is 1733 a composite number?
False
Is 165431 composite?
True
Is 52237 a prime number?
True
Is 31881 composite?
True
Is 23007 a prime number?
False
Is 9923 prime?
True
Is 2901 a composite number?
True
Is 9755 a prime number?
False
Is 19001 a prime number?
True
Is 3497 a prime number?
False
Is 8311 a prime number?
True
Is 4049 a composite number?
False
Is 1446059 composite?
False
Is 2633 prime?
True
Is 263369 composite?
False
Is 915007 prime?
True
Is 2018 composite?
True
Is 6709 a composite number?
False
Is 24133 composite?
False
Is 3595 a prime number?
False
Is 2362 a prime number?
False
Is 4313 prime?
False
Is 1259 prime?
True
Is 24161 a prime number?
False
Is 38039 a composite number?
False
Is 720377 a prime number?
False
Is 6533 a prime number?
False
Is 335719 a composite number?
False
Is 71563 a composite number?
False
Is 5297 composite?
False
Is 38273 a composite number?
False
Is 734 a prime number?
False
Is 55763 a prime number?
True
Is 823153 prime?
True
Is 5059 a prime number?
True
Is 2609 composite?
False
Is 469069 a prime number?
True
Is 235231 composite?
False
Is 313499 composite?
True
Is 45802 prime?
False
Is 9089 prime?
False
Is 1731161 prime?
False
Is 773501 composite?
False
Is 51109 prime?
True
Is 3153703 a prime number?
False
Is 619967 prime?
True
Is 7321 a composite number?
False
Is 1511 composite?
False
Is 408559 a composite number?
True
Is 35201 composite?
False
Is 6483 a composite number?
True
Is 112019 prime?
True
Is 3389 composite?
False
Is 1805941 prime?
True
Is 2326 a composite number?
True
Is 1425271 a prime number?
True
Is 234569 a prime number?
False
Is 85727 prime?
False
Is 14303 a composite number?
False
Is 14449 composite?
False
Is 3683 a prime number?
False
Is 43753 composite?
False
Is 10303 composite?
False
Is 252779 composite?
False
Is 8371 a prime number?
False
Is 18977 prime?
False
Is 342187 a composite number?
False
Is 44227 prime?
False
Is 62313 a prime number?
False
Is 135547 prime?
False
Is 67597 prime?
False
Is 414301 a composite number?
True
Is 106163 a composite number?
False
Is 211934 prime?
False
Is 861997 prime?
True
Is 173001 composite?
True
Is 3163 a prime number?
True
Is 185789 prime?
True
Is 29221 prime?
True
Is 2901 prime?
False
Is 2391 prime?
False
Is 301349 a prime number?
True
Is 18359 prime?
False
Is 3793 prime?
True
Is 1453853 prime?
False
Is 1970677 a prime number?
True
Is 307443 prime?
False
Is 443237 prime?
True
Is 79609 a composite number?
False
Is 6317 prime?
True
Is 253049 a composite number?
False
Is 69887 prime?
False
Is 16301 a composite number?
False
Is 345979 a prime number?
True
Is 698821 prime?
True
Is 1558706 a composite number?
True
Is 366789 prime?
False
Is 57 prime?
False
Is 424343 a composite number?
False
Is 144703 a composite number?
True
Is 169555 prime?
False
Is 1426003 composite?
False
Is 178283 composite?
True
Is 2285 prime?
False
Is 1880638 a prime number?
False
Is 56873 prime?
True
Is 686695 composite?
True
Is 871517 a composite number?
False
Is 65249 prime?
False
Is 3131 composite?
True
Is 60133 a prime number?
True
Is 7327 composite?
True
Is 173986 a prime number?
False
Is 18899 prime?
True
Is 7603 prime?
True
Is 9337 a composite number?
False
Is 28311 prime?
False
Is 186187 a composite number?
False
Is 181563 prime?
False
Is 14671 a prime number?
False
Is 5039 a prime number?
True
Is 4063871 a prime number?
False
Is 349449 a composite number?
True
Is 7451 a composite number?
False
Is 7791715 composite?
True
Is 112831 a composite number?
False
Is 484327 a composite number?
False
Is 24763 composite?
False
Is 8143 prime?
False
Is 149673 composite?
True
Is 1807691 a composite number?
False
Is 5147 composite?
False
Is 2587 a prime number?
False
Is 66881 a prime number?
False
Is 59509 a composite number?
False
Is 31873 prime?
True
Is 192949 composite?
False
Is 26615 prime?
False
Is 28961 prime?
True
Is 301177 prime?
True
Is 13641 a prime number?
False
Is 1204111 prime?
False
Is 553849 composite?
False
Is 7327 a prime number?
False
Is 238613 a prime number?
False
Is 192149 prime?
True
Is 27127 a prime number?
True
Is 77053 a prime number?
False
Is 16181 composite?
True
Is 2053 a composite number?
False
Is 1269